{"id":19,"date":"2017-09-08T13:33:46","date_gmt":"2017-09-08T13:33:46","guid":{"rendered":"http:\/\/spitzw.vs120063.hl-users.com\/wordpress\/?page_id=19"},"modified":"2017-09-08T13:43:38","modified_gmt":"2017-09-08T13:43:38","slug":"gruppenreisen","status":"publish","type":"page","link":"https:\/\/spitzwegstrasse.de\/wordpress\/?page_id=19","title":{"rendered":"Gruppenreisen"},"content":{"rendered":"<p>Das Haus&#8230;<\/p>\n<p><img loading=\"lazy\" decoding=\"async\" src=\"https:\/\/spitzwegstrasse.de\/wordpress\/wp-content\/uploads\/2017\/09\/start-300x221.jpg\" alt=\"\" width=\"300\" height=\"221\" class=\"alignnone size-medium wp-image-35\" srcset=\"https:\/\/spitzwegstrasse.de\/wordpress\/wp-content\/uploads\/2017\/09\/start-300x221.jpg 300w, https:\/\/spitzwegstrasse.de\/wordpress\/wp-content\/uploads\/2017\/09\/start-192x141.jpg 192w, https:\/\/spitzwegstrasse.de\/wordpress\/wp-content\/uploads\/2017\/09\/start.jpg 360w\" sizes=\"auto, (max-width: 300px) 100vw, 300px\" \/><\/p>\n<p>&#8230; mit dem abwechslungsreichen Freizeitangebot.<\/p>\n<p>Hier finden Sie spezielle Angebote f\u00fcr Gruppen.<\/p>\n<p>Wir verf\u00fcgen \u00fcber 25-j\u00e4hrige Berufserfahrung f\u00fcr Senioren-Freizeitgestaltung.<\/p>\n<p>Unser Haus liegt ca. 500m vom Zentrum, Kurpark und Gradierwerk entfernt. Vor unserer T\u00fcr beginnt der Wellengarten mit vielen Spazierwegen und reichlich Sitzgelegenheiten.<\/p>\n<p>Unsere Pension besteht aus drei G\u00e4steh\u00e4usern und einem Caf\u00e9. Die 14 Einzel- und 9 Doppelzimmer und 3 Appartements sind freundlich eingerichtet und verf\u00fcgen \u00fcber Dusche, WC, TV und Telefon. Viele Zimmer haben Balkon oder Terrasse.<\/p>\n<p>Unsere K\u00fcche richtet sich ohne Kostenaufschlag auch auf Di\u00e4tw\u00fcnsche ein. Wir bieten unseren G\u00e4sten Vollpension mit einem Fr\u00fchst\u00fccks- und Abendbuffet sowie mittags ein 3-Gang-Men\u00fc an. <\/p>\n<p>Preise teilen wir Ihnen gerne auf Anfrage mit.<\/p>\n<p>In den jeweiligen Tagespreisen sind enthalten:<\/p>\n<p>Vollpension, Begr\u00fc\u00dfungscocktail, Informationsfahrt mit dem Bus durch den Kurort, Wandernachmittag mit F\u00fchrung, Kegelnachmittag, Gutschein f\u00fcr unser Allee-Caf\u00e9, Bergfest mit Grillabend (freie Getr\u00e4nke zum Essen), italienisches Abendessen einschl. Getr\u00e4nkegutschein, Schmuck-Ausstellung im Caf\u00e9, Fahrt zu einer Strickwarenfabrik mit Einkaufsm\u00f6glichkeit einschl. Kaffee und Kuchen.<\/p>\n<p>Unser Haus wird von einem Badearzt betreut. Im Krankheitsfall \u00fcbernehmen wir kostenfrei die Fahrten zum Arzt oder Krankenhaus.<\/p>\n<p>Bei physikalischen Anwendungen organisieren wir die Termine. Die Fahrten zur B\u00e4derpraxis sind ebenfalls kostenfrei.<\/p>\n<p>Auf Wunsch werden von uns Veranstaltungen organisiert wie Modenschauen, Wanderungen oder Kaffeefahrten.<\/p>\n","protected":false},"excerpt":{"rendered":"<p>Das Haus&#8230; &#8230; mit dem abwechslungsreichen Freizeitangebot. Hier finden Sie spezielle Angebote f\u00fcr Gruppen. Wir verf\u00fcgen \u00fcber 25-j\u00e4hrige Berufserfahrung f\u00fcr Senioren-Freizeitgestaltung. Unser Haus liegt ca. 500m vom Zentrum, Kurpark und Gradierwerk entfernt. Vor unserer T\u00fcr beginnt der Wellengarten mit vielen Spazierwegen und reichlich Sitzgelegenheiten. Unsere Pension besteht aus drei G\u00e4steh\u00e4usern und einem Caf\u00e9. Die 14 &hellip; <a href=\"https:\/\/spitzwegstrasse.de\/wordpress\/?page_id=19\" class=\"more-link\"><span class=\"screen-reader-text\">Gruppenreisen<\/span> weiterlesen<\/a><\/p>\n","protected":false},"author":1,"featured_media":0,"parent":0,"menu_order":0,"comment_status":"closed","ping_status":"closed","template":"","meta":{"footnotes":""},"class_list":["post-19","page","type-page","status-publish","hentry"],"_links":{"self":[{"href":"https:\/\/spitzwegstrasse.de\/wordpress\/index.php?rest_route=\/wp\/v2\/pages\/19","targetHints":{"allow":["GET"]}}],"collection":[{"href":"https:\/\/spitzwegstrasse.de\/wordpress\/index.php?rest_route=\/wp\/v2\/pages"}],"about":[{"href":"https:\/\/spitzwegstrasse.de\/wordpress\/index.php?rest_route=\/wp\/v2\/types\/page"}],"author":[{"embeddable":true,"href":"https:\/\/spitzwegstrasse.de\/wordpress\/index.php?rest_route=\/wp\/v2\/users\/1"}],"replies":[{"embeddable":true,"href":"https:\/\/spitzwegstrasse.de\/wordpress\/index.php?rest_route=%2Fwp%2Fv2%2Fcomments&post=19"}],"version-history":[{"count":2,"href":"https:\/\/spitzwegstrasse.de\/wordpress\/index.php?rest_route=\/wp\/v2\/pages\/19\/revisions"}],"predecessor-version":[{"id":39,"href":"https:\/\/spitzwegstrasse.de\/wordpress\/index.php?rest_route=\/wp\/v2\/pages\/19\/revisions\/39"}],"wp:attachment":[{"href":"https:\/\/spitzwegstrasse.de\/wordpress\/index.php?rest_route=%2Fwp%2Fv2%2Fmedia&parent=19"}],"curies":[{"name":"wp","href":"https:\/\/api.w.org\/{rel}","templated":true}]}}