{"id":42,"date":"2017-09-08T13:47:43","date_gmt":"2017-09-08T13:47:43","guid":{"rendered":"http:\/\/spitzw.vs120063.hl-users.com\/wordpress\/?page_id=42"},"modified":"2017-09-08T13:47:43","modified_gmt":"2017-09-08T13:47:43","slug":"zimmer","status":"publish","type":"page","link":"https:\/\/spitzwegstrasse.de\/wordpress\/?page_id=42","title":{"rendered":"Zimmer"},"content":{"rendered":"<p><img loading=\"lazy\" decoding=\"async\" src=\"https:\/\/spitzwegstrasse.de\/wordpress\/wp-content\/uploads\/2017\/09\/doll-1093987__340-300x225.jpg\" alt=\"\" width=\"300\" height=\"225\" class=\"alignnone size-medium wp-image-5\" srcset=\"https:\/\/spitzwegstrasse.de\/wordpress\/wp-content\/uploads\/2017\/09\/doll-1093987__340-300x225.jpg 300w, https:\/\/spitzwegstrasse.de\/wordpress\/wp-content\/uploads\/2017\/09\/doll-1093987__340-192x144.jpg 192w, https:\/\/spitzwegstrasse.de\/wordpress\/wp-content\/uploads\/2017\/09\/doll-1093987__340.jpg 453w\" sizes=\"auto, (max-width: 300px) 100vw, 300px\" \/><br \/>\nDie freundlich eingerichteten Einzel und Doppelzimmer mit Dusche \/ WC verf\u00fcgen zum gr\u00f6\u00dften Teil \u00fcber einen Balkon oder eine Terrasse.<\/p>\n<p><img loading=\"lazy\" decoding=\"async\" src=\"https:\/\/spitzwegstrasse.de\/wordpress\/wp-content\/uploads\/2017\/09\/room-935617__340-300x200.jpg\" alt=\"\" width=\"300\" height=\"200\" class=\"alignnone size-medium wp-image-34\" srcset=\"https:\/\/spitzwegstrasse.de\/wordpress\/wp-content\/uploads\/2017\/09\/room-935617__340-300x200.jpg 300w, https:\/\/spitzwegstrasse.de\/wordpress\/wp-content\/uploads\/2017\/09\/room-935617__340-192x128.jpg 192w, https:\/\/spitzwegstrasse.de\/wordpress\/wp-content\/uploads\/2017\/09\/room-935617__340.jpg 510w\" sizes=\"auto, (max-width: 300px) 100vw, 300px\" \/><\/p>\n<p>TV und Telefon auf Anfrage.<\/p>\n","protected":false},"excerpt":{"rendered":"<p>Die freundlich eingerichteten Einzel und Doppelzimmer mit Dusche \/ WC verf\u00fcgen zum gr\u00f6\u00dften Teil \u00fcber einen Balkon oder eine Terrasse. TV und Telefon auf Anfrage.<\/p>\n","protected":false},"author":1,"featured_media":0,"parent":0,"menu_order":0,"comment_status":"closed","ping_status":"closed","template":"","meta":{"footnotes":""},"class_list":["post-42","page","type-page","status-publish","hentry"],"_links":{"self":[{"href":"https:\/\/spitzwegstrasse.de\/wordpress\/index.php?rest_route=\/wp\/v2\/pages\/42","targetHints":{"allow":["GET"]}}],"collection":[{"href":"https:\/\/spitzwegstrasse.de\/wordpress\/index.php?rest_route=\/wp\/v2\/pages"}],"about":[{"href":"https:\/\/spitzwegstrasse.de\/wordpress\/index.php?rest_route=\/wp\/v2\/types\/page"}],"author":[{"embeddable":true,"href":"https:\/\/spitzwegstrasse.de\/wordpress\/index.php?rest_route=\/wp\/v2\/users\/1"}],"replies":[{"embeddable":true,"href":"https:\/\/spitzwegstrasse.de\/wordpress\/index.php?rest_route=%2Fwp%2Fv2%2Fcomments&post=42"}],"version-history":[{"count":2,"href":"https:\/\/spitzwegstrasse.de\/wordpress\/index.php?rest_route=\/wp\/v2\/pages\/42\/revisions"}],"predecessor-version":[{"id":44,"href":"https:\/\/spitzwegstrasse.de\/wordpress\/index.php?rest_route=\/wp\/v2\/pages\/42\/revisions\/44"}],"wp:attachment":[{"href":"https:\/\/spitzwegstrasse.de\/wordpress\/index.php?rest_route=%2Fwp%2Fv2%2Fmedia&parent=42"}],"curies":[{"name":"wp","href":"https:\/\/api.w.org\/{rel}","templated":true}]}}